{"id":106,"date":"2018-12-12T13:52:03","date_gmt":"2018-12-12T12:52:03","guid":{"rendered":"http:\/\/europe.marks-for-europe.eu\/?page_id=106"},"modified":"2020-02-05T19:06:15","modified_gmt":"2020-02-05T18:06:15","slug":"art-moves-europe-the-objective","status":"publish","type":"page","link":"https:\/\/www.art-moves-europe.eu\/de\/art-moves-europe-the-objective\/","title":{"rendered":"Das Ziel"},"content":{"rendered":"<p>Wir wollen einen einen Europ\u00e4ischen <strong><span style=\"color: #000080;\"><span style=\"color: #ff9900;\">S<\/span>KUL<span style=\"color: #ff9900;\">P<\/span>TURENWEG<\/span><\/strong> schaffen!<\/p>\n<ul>\n<li>Mit den Kunstwerken, die im Projekt entstehen, soll an die zurzeit in Vergessenheit geratenen Werte und Errungenschaften der Europ\u00e4ischen Idee erinnert werden. Diese Errungenschaften haben uns in den letzten 70 Jahren ein Leben in Frieden und Freiheit ebenso erm\u00f6glicht wie \u00f6konomischen Wohlstand, Rechtsstaatlichkeit und Gleichberechtigung f\u00fcr alle B\u00fcrger Europas.<\/li>\n<li>Das Projekt soll die Diskussion dar\u00fcber anregen, wie wir wieder Begeisterung f\u00fcr die Europ\u00e4ische Idee erzeugen k\u00f6nnen. Dies soll insbesondere im Dialog mit der jungen Generation geschehen, weil f\u00fcr die jungen Menschen in Europa diese Errungenschaften Gegebenheiten sind und es wichtig ist, dass diese Werte auch als solche wahrgenommen werden<\/li>\n<li><b>\u201cArt moves Europe\u201d <\/b>m\u00f6chte auch dazu ermutigen, gemeinsam auf der Basis der Erfolge der Europ\u00e4ischen Idee aktiv an der Gestaltung der Zukunft mitzuarbeiten. Wir brauchen Mut, mehr Europa zu wagen, um die anstehenden Herausforderungen zu meistern und notwendige Verbesserungen einzuleiten.<\/li>\n<li>Das Projekt m\u00f6chte mit der Kunst die Menschen emotional ansprechen, um ein aktives Engagement f\u00fcr die Europ\u00e4ische Idee \u00fcber die Grenzen und Sprachbarrieren hinweg zu f\u00f6rdern<\/li>\n<\/ul>\n","protected":false},"excerpt":{"rendered":"<p>Wir wollen einen einen Europ\u00e4ischen SKULPTURENWEG schaffen! Mit den Kunstwerken, die im Projekt entstehen, soll an die zurzeit in Vergessenheit[&#8230;]<\/p>\n","protected":false},"author":2,"featured_media":0,"parent":0,"menu_order":0,"comment_status":"closed","ping_status":"closed","template":"","meta":{"ngg_post_thumbnail":0,"footnotes":""},"class_list":["post-106","page","type-page","status-publish","hentry"],"yoast_head":"<!-- This site is optimized with the Yoast SEO plugin v27.5 - https:\/\/yoast.com\/product\/yoast-seo-wordpress\/ -->\n<title>Das Ziel<\/title>\n<meta name=\"robots\" content=\"index, follow, max-snippet:-1, max-image-preview:large, max-video-preview:-1\" \/>\n<link rel=\"canonical\" href=\"https:\/\/www.art-moves-europe.eu\/de\/art-moves-europe-the-objective\/\" \/>\n<meta property=\"og:locale\" content=\"de_DE\" \/>\n<meta property=\"og:locale:alternate\" content=\"en_US\" \/>\n<meta property=\"og:type\" content=\"article\" \/>\n<meta property=\"og:title\" content=\"Das Ziel\" \/>\n<meta property=\"og:description\" content=\"Wir wollen einen einen Europ\u00e4ischen SKULPTURENWEG schaffen! Mit den Kunstwerken, die im Projekt entstehen, soll an die zurzeit in Vergessenheit[...]\" \/>\n<meta property=\"og:url\" content=\"https:\/\/www.art-moves-europe.eu\/de\/art-moves-europe-the-objective\/\" \/>\n<meta property=\"og:site_name\" content=\"ART MOVES EUROPE e.V.\" \/>\n<meta property=\"article:modified_time\" content=\"2020-02-05T18:06:15+00:00\" \/>\n<meta name=\"twitter:card\" content=\"summary_large_image\" \/>\n<meta name=\"twitter:label1\" content=\"Gesch\u00e4tzte Lesezeit\" \/>\n\t<meta name=\"twitter:data1\" content=\"2\u00a0Minuten\" \/>\n<script type=\"application\/ld+json\" class=\"yoast-schema-graph\">{\"@context\":\"https:\\\/\\\/schema.org\",\"@graph\":[{\"@type\":\"WebPage\",\"@id\":\"https:\\\/\\\/www.art-moves-europe.eu\\\/de\\\/art-moves-europe-the-objective\\\/\",\"url\":\"https:\\\/\\\/www.art-moves-europe.eu\\\/de\\\/art-moves-europe-the-objective\\\/\",\"name\":\"Das Ziel\",\"isPartOf\":{\"@id\":\"https:\\\/\\\/www.art-moves-europe.eu\\\/#website\"},\"datePublished\":\"2018-12-12T12:52:03+00:00\",\"dateModified\":\"2020-02-05T18:06:15+00:00\",\"breadcrumb\":{\"@id\":\"https:\\\/\\\/www.art-moves-europe.eu\\\/de\\\/art-moves-europe-the-objective\\\/#breadcrumb\"},\"inLanguage\":\"de-DE\",\"potentialAction\":[{\"@type\":\"ReadAction\",\"target\":[\"https:\\\/\\\/www.art-moves-europe.eu\\\/de\\\/art-moves-europe-the-objective\\\/\"]}]},{\"@type\":\"BreadcrumbList\",\"@id\":\"https:\\\/\\\/www.art-moves-europe.eu\\\/de\\\/art-moves-europe-the-objective\\\/#breadcrumb\",\"itemListElement\":[{\"@type\":\"ListItem\",\"position\":1,\"name\":\"Startseite\",\"item\":\"https:\\\/\\\/www.art-moves-europe.eu\\\/\"},{\"@type\":\"ListItem\",\"position\":2,\"name\":\"Das Ziel\"}]},{\"@type\":\"WebSite\",\"@id\":\"https:\\\/\\\/www.art-moves-europe.eu\\\/#website\",\"url\":\"https:\\\/\\\/www.art-moves-europe.eu\\\/\",\"name\":\"ART MOVES EUROPE e.V.\",\"description\":\"\",\"potentialAction\":[{\"@type\":\"SearchAction\",\"target\":{\"@type\":\"EntryPoint\",\"urlTemplate\":\"https:\\\/\\\/www.art-moves-europe.eu\\\/?s={search_term_string}\"},\"query-input\":{\"@type\":\"PropertyValueSpecification\",\"valueRequired\":true,\"valueName\":\"search_term_string\"}}],\"inLanguage\":\"de-DE\"}]}<\/script>\n<!-- \/ Yoast SEO plugin. -->","yoast_head_json":{"title":"Das Ziel","robots":{"index":"index","follow":"follow","max-snippet":"max-snippet:-1","max-image-preview":"max-image-preview:large","max-video-preview":"max-video-preview:-1"},"canonical":"https:\/\/www.art-moves-europe.eu\/de\/art-moves-europe-the-objective\/","og_locale":"de_DE","og_type":"article","og_title":"[:en]The Objective[:de]Das Ziel[:] - ART MOVES EUROPE e.V.","og_description":"Wir wollen einen einen Europ\u00e4ischen SKULPTURENWEG schaffen! Mit den Kunstwerken, die im Projekt entstehen, soll an die zurzeit in Vergessenheit[...]","og_url":"https:\/\/www.art-moves-europe.eu\/de\/art-moves-europe-the-objective\/","og_site_name":"ART MOVES EUROPE e.V.","article_modified_time":"2020-02-05T18:06:15+00:00","twitter_card":"summary_large_image","twitter_misc":{"Gesch\u00e4tzte Lesezeit":"2\u00a0Minuten"},"schema":{"@context":"https:\/\/schema.org","@graph":[{"@type":"WebPage","@id":"https:\/\/www.art-moves-europe.eu\/de\/art-moves-europe-the-objective\/","url":"https:\/\/www.art-moves-europe.eu\/de\/art-moves-europe-the-objective\/","name":"Das Ziel","isPartOf":{"@id":"https:\/\/www.art-moves-europe.eu\/#website"},"datePublished":"2018-12-12T12:52:03+00:00","dateModified":"2020-02-05T18:06:15+00:00","breadcrumb":{"@id":"https:\/\/www.art-moves-europe.eu\/de\/art-moves-europe-the-objective\/#breadcrumb"},"inLanguage":"de-DE","potentialAction":[{"@type":"ReadAction","target":["https:\/\/www.art-moves-europe.eu\/de\/art-moves-europe-the-objective\/"]}]},{"@type":"BreadcrumbList","@id":"https:\/\/www.art-moves-europe.eu\/de\/art-moves-europe-the-objective\/#breadcrumb","itemListElement":[{"@type":"ListItem","position":1,"name":"Startseite","item":"https:\/\/www.art-moves-europe.eu\/"},{"@type":"ListItem","position":2,"name":"Das Ziel"}]},{"@type":"WebSite","@id":"https:\/\/www.art-moves-europe.eu\/#website","url":"https:\/\/www.art-moves-europe.eu\/","name":"ART MOVES EUROPE e.V.","description":"","potentialAction":[{"@type":"SearchAction","target":{"@type":"EntryPoint","urlTemplate":"https:\/\/www.art-moves-europe.eu\/?s={search_term_string}"},"query-input":{"@type":"PropertyValueSpecification","valueRequired":true,"valueName":"search_term_string"}}],"inLanguage":"de-DE"}]}},"_links":{"self":[{"href":"https:\/\/www.art-moves-europe.eu\/de\/wp-json\/wp\/v2\/pages\/106","targetHints":{"allow":["GET"]}}],"collection":[{"href":"https:\/\/www.art-moves-europe.eu\/de\/wp-json\/wp\/v2\/pages"}],"about":[{"href":"https:\/\/www.art-moves-europe.eu\/de\/wp-json\/wp\/v2\/types\/page"}],"author":[{"embeddable":true,"href":"https:\/\/www.art-moves-europe.eu\/de\/wp-json\/wp\/v2\/users\/2"}],"replies":[{"embeddable":true,"href":"https:\/\/www.art-moves-europe.eu\/de\/wp-json\/wp\/v2\/comments?post=106"}],"version-history":[{"count":15,"href":"https:\/\/www.art-moves-europe.eu\/de\/wp-json\/wp\/v2\/pages\/106\/revisions"}],"predecessor-version":[{"id":1470,"href":"https:\/\/www.art-moves-europe.eu\/de\/wp-json\/wp\/v2\/pages\/106\/revisions\/1470"}],"wp:attachment":[{"href":"https:\/\/www.art-moves-europe.eu\/de\/wp-json\/wp\/v2\/media?parent=106"}],"curies":[{"name":"wp","href":"https:\/\/api.w.org\/{rel}","templated":true}]}}

<p>Wir wollen einen einen Europäischen <strong><span style="color: #000080;"><span style="color: #ff9900;">S</span>KUL<span style="color: #ff9900;">P</span>TURENWEG</span></strong> schaffen!</p>
<ul>
<li>Mit den Kunstwerken, die im Projekt entstehen, soll an die zurzeit in Vergessenheit geratenen Werte und Errungenschaften der Europäischen Idee erinnert werden. Diese Errungenschaften haben uns in den letzten 70 Jahren ein Leben in Frieden und Freiheit ebenso ermöglicht wie ökonomischen Wohlstand, Rechtsstaatlichkeit und Gleichberechtigung für alle Bürger Europas.</li>
<li>Das Projekt soll die Diskussion darüber anregen, wie wir wieder Begeisterung für die Europäische Idee erzeugen können. Dies soll insbesondere im Dialog mit der jungen Generation geschehen, weil für die jungen Menschen in Europa diese Errungenschaften Gegebenheiten sind und es wichtig ist, dass diese Werte auch als solche wahrgenommen werden</li>
<li><b>“Art moves Europe” </b>möchte auch dazu ermutigen, gemeinsam auf der Basis der Erfolge der Europäischen Idee aktiv an der Gestaltung der Zukunft mitzuarbeiten. Wir brauchen Mut, mehr Europa zu wagen, um die anstehenden Herausforderungen zu meistern und notwendige Verbesserungen einzuleiten.</li>
<li>Das Projekt möchte mit der Kunst die Menschen emotional ansprechen, um ein aktives Engagement für die Europäische Idee über die Grenzen und Sprachbarrieren hinweg zu fördern</li>
</ul>

<p>Wir wollen einen einen Europäischen SKULPTURENWEG schaffen! Mit den Kunstwerken, die im Projekt entstehen, soll an die zurzeit in Vergessenheit[&#8230;]</p>

<!-- This site is optimized with the Yoast SEO plugin v27.5 - https://yoast.com/product/yoast-seo-wordpress/ -->
<title>Das Ziel</title>
<meta name="robots" content="index, follow, max-snippet:-1, max-image-preview:large, max-video-preview:-1" />
<link rel="canonical" href="https://www.art-moves-europe.eu/de/art-moves-europe-the-objective/" />
<meta property="og:locale" content="de_DE" />
<meta property="og:locale:alternate" content="en_US" />
<meta property="og:type" content="article" />
<meta property="og:title" content="Das Ziel" />
<meta property="og:description" content="Wir wollen einen einen Europäischen SKULPTURENWEG schaffen! Mit den Kunstwerken, die im Projekt entstehen, soll an die zurzeit in Vergessenheit[...]" />
<meta property="og:url" content="https://www.art-moves-europe.eu/de/art-moves-europe-the-objective/" />
<meta property="og:site_name" content="ART MOVES EUROPE e.V." />
<meta property="article:modified_time" content="2020-02-05T18:06:15+00:00" />
<meta name="twitter:card" content="summary_large_image" />
<meta name="twitter:label1" content="Geschätzte Lesezeit" />
	<meta name="twitter:data1" content="2 Minuten" />
<script type="application/ld+json" class="yoast-schema-graph">{"@context":"https:\/\/schema.org","@graph":[{"@type":"WebPage","@id":"https:\/\/www.art-moves-europe.eu\/de\/art-moves-europe-the-objective\/","url":"https:\/\/www.art-moves-europe.eu\/de\/art-moves-europe-the-objective\/","name":"Das Ziel","isPartOf":{"@id":"https:\/\/www.art-moves-europe.eu\/#website"},"datePublished":"2018-12-12T12:52:03+00:00","dateModified":"2020-02-05T18:06:15+00:00","breadcrumb":{"@id":"https:\/\/www.art-moves-europe.eu\/de\/art-moves-europe-the-objective\/#breadcrumb"},"inLanguage":"de-DE","potentialAction":[{"@type":"ReadAction","target":["https:\/\/www.art-moves-europe.eu\/de\/art-moves-europe-the-objective\/"]}]},{"@type":"BreadcrumbList","@id":"https:\/\/www.art-moves-europe.eu\/de\/art-moves-europe-the-objective\/#breadcrumb","itemListElement":[{"@type":"ListItem","position":1,"name":"Startseite","item":"https:\/\/www.art-moves-europe.eu\/"},{"@type":"ListItem","position":2,"name":"Das Ziel"}]},{"@type":"WebSite","@id":"https:\/\/www.art-moves-europe.eu\/#website","url":"https:\/\/www.art-moves-europe.eu\/","name":"ART MOVES EUROPE e.V.","description":"","potentialAction":[{"@type":"SearchAction","target":{"@type":"EntryPoint","urlTemplate":"https:\/\/www.art-moves-europe.eu\/?s={search_term_string}"},"query-input":{"@type":"PropertyValueSpecification","valueRequired":true,"valueName":"search_term_string"}}],"inLanguage":"de-DE"}]}</script>
<!-- / Yoast SEO plugin. -->

Wir wollen einen einen Europäischen SKULPTURENWEG schaffen! Mit den Kunstwerken, die im Projekt entstehen, soll an die zurzeit in Vergessenheit[...]
