{"id":1794,"date":"2020-08-21T08:47:37","date_gmt":"2020-08-21T06:47:37","guid":{"rendered":"https:\/\/www.art-moves-europe.eu\/de\/?page_id=1794"},"modified":"2020-08-21T08:57:33","modified_gmt":"2020-08-21T06:57:33","slug":"alessandro-pogan","status":"publish","type":"page","link":"https:\/\/www.art-moves-europe.eu\/de\/alessandro-pogan\/","title":{"rendered":"Alessandro Pogan"},"content":{"rendered":"<table style=\"border-collapse: collapse; width: 100%;\">\n<tbody>\n<tr>\n<td style=\"width: 50%;\"><img loading=\"lazy\" decoding=\"async\" class=\"alignnone size-full wp-image-1828\" src=\"https:\/\/www.art-moves-europe.eu\/wp-content\/uploads\/2020\/08\/Alessandro-Pongan-2.jpg\" alt=\"\" width=\"667\" height=\"655\"><\/td>\n<td style=\"width: 50%;\">&nbsp;<\/td>\n<\/tr>\n<tr>\n<td style=\"width: 50%;\" colspan=\"2\"><strong>BIO<\/strong><\/p>\n<p>Alessandro Pongan was born in La Spezia, Italy, in 1963. Due to the moves of his father, an engineer, he grew up in many different cities and countries. From 1974 to 1981 he lived in Milan and Brazil, at Volta Redonda, in the inland zone near Rio de Janeiro, and in Vit\u00f3ria, the capital of the state of Esp\u00edrito Santo, a city-island surrounded by the Atlantic. In Vit\u00f3ria he completed his high school studies that began in Milan, taking a diploma in scientific studies. The period spent in South America has left its mark, in the form of a joyful, open perspective on life.<\/p>\n<p>After returning to Milan, he went to the Scuola Politecnica di Design of Nino Di Salvatore, where he graduated in 1983 in Visual Design. His teachers included Heinz Waibl, Attilio Marcolli and Bruno Munari, who entered the classroom pronouncing phrases like \u201cthe tree is the very slow explosion of a seed\u201d or \u201cit should be understood that as long as art remains extraneous to the problems of life, it will interest only a few people.\u201d<\/p>\n<p>After working freelance for a few years, in 1988 he founded the visual design studio Officina Design in Milan, which still operates today. In 1993-1994 he spent long periods in Athens as an art director and set designer of television programs for Ant1, a private national broadcasting network. Thanks to these professional experiences, he was able to deeply explore the fields of graphic design, television, set design, computer animation, video production, multimedia installations, always making the force of designthe central feature of his work.<\/p>\n<p>His imagery is clear, confident, pithy and filmic. Latin passion combined with Nordic rationalism. This attraction to the north led him to the artistic and professional encounter with the Danish designer Hans Thyge, with whom he has done many projects, including the interactive section for children, the World of Glass, of the Glasmuseet of Ebeltoft.<\/p>\n<p>The list of companies for which he has worked during almost three decades of career is a long one, among many others, Fiat, AlfaRomeo, Lamborghini, Maserati\u2026 In 2015 he did the exhibit installations for the New Holland-Fiat Pavilion at Expo Milano 2015; he directed a television advertisement for the famous design brand Alessi using 3D techniques, and did the set design and artistic direction for the prize ceremony of the Sport Media Pearl Awards in Abu Dhabi. In 2019 he created the design concept for to the Azerbaijan pavilion for Expo 2020.<\/p>\n<p>From 2017 Alessandro devoted himself to personal art project called Totem involving sculptures, bass reliefs, installations, graphics, video projections.<\/p>\n<p><strong>ARTISTIC CV<\/strong><\/p>\n<p>2020 &#8211; Publication of the RED GIANT project in the book &#8222;Return to the Source&#8220; published by Prestel.<\/p>\n<p>2019 &#8211; LAGI &#8211; Land Art Generator. RED GIANT project selected as finalist of the competition.<\/p>\n<p>2019 &#8211; &#8222;Timeless&#8220; Personal Exhibition. Commissioned by Porsche Centers Milan on the occasion of the presentation of the new Porsche 911 model.<\/p>\n<p>2018 &#8211; Collective Exhibition \u201cRelazioni Estetiche&#8220;. Reggia di Caserta of Caserta, curated by Massimo Scaringella and produced by Villam Art.<\/p>\n<p>2018 &#8211; Parco Balossa Prize, ex-aequo winner. Permanent public sculpture installed in the Balossa Park. Art prize curated by Casa Testori and Parco Nord Milano.<\/p>\n<p>2018 &#8211; 2018 Art Award Finalist, Cairo Publisher. Collective exhibition at the Royal Palace of Milan and publication in the Catalog of Modern Art, and, Giorgio Mondadori.<\/p>\n<p>2018 &#8211; &#8222;Waht&#8217;s Next&#8220; Personal Exhibition, commissioned by Nexi on the occasion of the launch of the new Brand.<\/p>\n<p>2017 &#8211; Collective Exhibition &#8222;CONTEXTO 2017&#8220;, Edolo (BS). Curated by Casa Testori. Monumental work in the main square of the town, July \/ October 2017<\/td>\n<\/tr>\n<\/tbody>\n<\/table>\n","protected":false},"excerpt":{"rendered":"<p>&nbsp; BIO Alessandro Pongan was born in La Spezia, Italy, in 1963. Due to the moves of his father, an[&#8230;]<\/p>\n","protected":false},"author":2,"featured_media":0,"parent":0,"menu_order":0,"comment_status":"closed","ping_status":"closed","template":"","meta":{"ngg_post_thumbnail":0,"footnotes":""},"class_list":["post-1794","page","type-page","status-publish","hentry"],"yoast_head":"<!-- This site is optimized with the Yoast SEO plugin v27.5 - https:\/\/yoast.com\/product\/yoast-seo-wordpress\/ -->\n<title>Alessandro Pogan<\/title>\n<meta name=\"robots\" content=\"index, follow, max-snippet:-1, max-image-preview:large, max-video-preview:-1\" \/>\n<link rel=\"canonical\" href=\"https:\/\/www.art-moves-europe.eu\/de\/alessandro-pogan\/\" \/>\n<meta property=\"og:locale\" content=\"de_DE\" \/>\n<meta property=\"og:locale:alternate\" content=\"en_US\" \/>\n<meta property=\"og:type\" content=\"article\" \/>\n<meta property=\"og:title\" content=\"Alessandro Pogan\" \/>\n<meta property=\"og:description\" content=\"&nbsp; BIO Alessandro Pongan was born in La Spezia, Italy, in 1963. Due to the moves of his father, an[...]\" \/>\n<meta property=\"og:url\" content=\"https:\/\/www.art-moves-europe.eu\/de\/alessandro-pogan\/\" \/>\n<meta property=\"og:site_name\" content=\"ART MOVES EUROPE e.V.\" \/>\n<meta property=\"article:modified_time\" content=\"2020-08-21T06:57:33+00:00\" \/>\n<meta property=\"og:image\" content=\"https:\/\/www.art-moves-europe.eu\/wp-content\/uploads\/2020\/08\/Alessandro-Pongan-2.jpg\" \/>\n<meta name=\"twitter:card\" content=\"summary_large_image\" \/>\n<meta name=\"twitter:label1\" content=\"Gesch\u00e4tzte Lesezeit\" \/>\n\t<meta name=\"twitter:data1\" content=\"6\u00a0Minuten\" \/>\n<script type=\"application\/ld+json\" class=\"yoast-schema-graph\">{\"@context\":\"https:\\\/\\\/schema.org\",\"@graph\":[{\"@type\":\"WebPage\",\"@id\":\"https:\\\/\\\/www.art-moves-europe.eu\\\/alessandro-pogan\\\/\",\"url\":\"https:\\\/\\\/www.art-moves-europe.eu\\\/alessandro-pogan\\\/\",\"name\":\"Alessandro Pogan\",\"isPartOf\":{\"@id\":\"https:\\\/\\\/www.art-moves-europe.eu\\\/#website\"},\"primaryImageOfPage\":{\"@id\":\"https:\\\/\\\/www.art-moves-europe.eu\\\/alessandro-pogan\\\/#primaryimage\"},\"image\":{\"@id\":\"https:\\\/\\\/www.art-moves-europe.eu\\\/alessandro-pogan\\\/#primaryimage\"},\"thumbnailUrl\":\"https:\\\/\\\/www.art-moves-europe.eu\\\/wp-content\\\/uploads\\\/2020\\\/08\\\/Alessandro-Pongan-2.jpg\",\"datePublished\":\"2020-08-21T06:47:37+00:00\",\"dateModified\":\"2020-08-21T06:57:33+00:00\",\"breadcrumb\":{\"@id\":\"https:\\\/\\\/www.art-moves-europe.eu\\\/alessandro-pogan\\\/#breadcrumb\"},\"inLanguage\":\"de-DE\",\"potentialAction\":[{\"@type\":\"ReadAction\",\"target\":[\"https:\\\/\\\/www.art-moves-europe.eu\\\/alessandro-pogan\\\/\"]}]},{\"@type\":\"ImageObject\",\"inLanguage\":\"de-DE\",\"@id\":\"https:\\\/\\\/www.art-moves-europe.eu\\\/alessandro-pogan\\\/#primaryimage\",\"url\":\"https:\\\/\\\/www.art-moves-europe.eu\\\/wp-content\\\/uploads\\\/2020\\\/08\\\/Alessandro-Pongan-2.jpg\",\"contentUrl\":\"https:\\\/\\\/www.art-moves-europe.eu\\\/wp-content\\\/uploads\\\/2020\\\/08\\\/Alessandro-Pongan-2.jpg\"},{\"@type\":\"BreadcrumbList\",\"@id\":\"https:\\\/\\\/www.art-moves-europe.eu\\\/alessandro-pogan\\\/#breadcrumb\",\"itemListElement\":[{\"@type\":\"ListItem\",\"position\":1,\"name\":\"Startseite\",\"item\":\"https:\\\/\\\/www.art-moves-europe.eu\\\/\"},{\"@type\":\"ListItem\",\"position\":2,\"name\":\"Alessandro Pongan\"}]},{\"@type\":\"WebSite\",\"@id\":\"https:\\\/\\\/www.art-moves-europe.eu\\\/#website\",\"url\":\"https:\\\/\\\/www.art-moves-europe.eu\\\/\",\"name\":\"ART MOVES EUROPE e.V.\",\"description\":\"\",\"potentialAction\":[{\"@type\":\"SearchAction\",\"target\":{\"@type\":\"EntryPoint\",\"urlTemplate\":\"https:\\\/\\\/www.art-moves-europe.eu\\\/?s={search_term_string}\"},\"query-input\":{\"@type\":\"PropertyValueSpecification\",\"valueRequired\":true,\"valueName\":\"search_term_string\"}}],\"inLanguage\":\"de-DE\"}]}<\/script>\n<!-- \/ Yoast SEO plugin. -->","yoast_head_json":{"title":"Alessandro Pogan","robots":{"index":"index","follow":"follow","max-snippet":"max-snippet:-1","max-image-preview":"max-image-preview:large","max-video-preview":"max-video-preview:-1"},"canonical":"https:\/\/www.art-moves-europe.eu\/de\/alessandro-pogan\/","og_locale":"de_DE","og_type":"article","og_title":"[:en]Alessandro Pongan[:de]Alessandro Pogan[:] - ART MOVES EUROPE e.V.","og_description":"&nbsp; BIO Alessandro Pongan was born in La Spezia, Italy, in 1963. Due to the moves of his father, an[...]","og_url":"https:\/\/www.art-moves-europe.eu\/de\/alessandro-pogan\/","og_site_name":"ART MOVES EUROPE e.V.","article_modified_time":"2020-08-21T06:57:33+00:00","og_image":[{"url":"https:\/\/www.art-moves-europe.eu\/wp-content\/uploads\/2020\/08\/Alessandro-Pongan-2.jpg","type":"","width":"","height":""}],"twitter_card":"summary_large_image","twitter_misc":{"Gesch\u00e4tzte Lesezeit":"6\u00a0Minuten"},"schema":{"@context":"https:\/\/schema.org","@graph":[{"@type":"WebPage","@id":"https:\/\/www.art-moves-europe.eu\/alessandro-pogan\/","url":"https:\/\/www.art-moves-europe.eu\/alessandro-pogan\/","name":"Alessandro Pogan","isPartOf":{"@id":"https:\/\/www.art-moves-europe.eu\/#website"},"primaryImageOfPage":{"@id":"https:\/\/www.art-moves-europe.eu\/alessandro-pogan\/#primaryimage"},"image":{"@id":"https:\/\/www.art-moves-europe.eu\/alessandro-pogan\/#primaryimage"},"thumbnailUrl":"https:\/\/www.art-moves-europe.eu\/wp-content\/uploads\/2020\/08\/Alessandro-Pongan-2.jpg","datePublished":"2020-08-21T06:47:37+00:00","dateModified":"2020-08-21T06:57:33+00:00","breadcrumb":{"@id":"https:\/\/www.art-moves-europe.eu\/alessandro-pogan\/#breadcrumb"},"inLanguage":"de-DE","potentialAction":[{"@type":"ReadAction","target":["https:\/\/www.art-moves-europe.eu\/alessandro-pogan\/"]}]},{"@type":"ImageObject","inLanguage":"de-DE","@id":"https:\/\/www.art-moves-europe.eu\/alessandro-pogan\/#primaryimage","url":"https:\/\/www.art-moves-europe.eu\/wp-content\/uploads\/2020\/08\/Alessandro-Pongan-2.jpg","contentUrl":"https:\/\/www.art-moves-europe.eu\/wp-content\/uploads\/2020\/08\/Alessandro-Pongan-2.jpg"},{"@type":"BreadcrumbList","@id":"https:\/\/www.art-moves-europe.eu\/alessandro-pogan\/#breadcrumb","itemListElement":[{"@type":"ListItem","position":1,"name":"Startseite","item":"https:\/\/www.art-moves-europe.eu\/"},{"@type":"ListItem","position":2,"name":"Alessandro Pongan"}]},{"@type":"WebSite","@id":"https:\/\/www.art-moves-europe.eu\/#website","url":"https:\/\/www.art-moves-europe.eu\/","name":"ART MOVES EUROPE e.V.","description":"","potentialAction":[{"@type":"SearchAction","target":{"@type":"EntryPoint","urlTemplate":"https:\/\/www.art-moves-europe.eu\/?s={search_term_string}"},"query-input":{"@type":"PropertyValueSpecification","valueRequired":true,"valueName":"search_term_string"}}],"inLanguage":"de-DE"}]}},"_links":{"self":[{"href":"https:\/\/www.art-moves-europe.eu\/de\/wp-json\/wp\/v2\/pages\/1794","targetHints":{"allow":["GET"]}}],"collection":[{"href":"https:\/\/www.art-moves-europe.eu\/de\/wp-json\/wp\/v2\/pages"}],"about":[{"href":"https:\/\/www.art-moves-europe.eu\/de\/wp-json\/wp\/v2\/types\/page"}],"author":[{"embeddable":true,"href":"https:\/\/www.art-moves-europe.eu\/de\/wp-json\/wp\/v2\/users\/2"}],"replies":[{"embeddable":true,"href":"https:\/\/www.art-moves-europe.eu\/de\/wp-json\/wp\/v2\/comments?post=1794"}],"version-history":[{"count":5,"href":"https:\/\/www.art-moves-europe.eu\/de\/wp-json\/wp\/v2\/pages\/1794\/revisions"}],"predecessor-version":[{"id":1830,"href":"https:\/\/www.art-moves-europe.eu\/de\/wp-json\/wp\/v2\/pages\/1794\/revisions\/1830"}],"wp:attachment":[{"href":"https:\/\/www.art-moves-europe.eu\/de\/wp-json\/wp\/v2\/media?parent=1794"}],"curies":[{"name":"wp","href":"https:\/\/api.w.org\/{rel}","templated":true}]}}

<table style="border-collapse: collapse; width: 100%;">
<tbody>
<tr>
<td style="width: 50%;"><img loading="lazy" decoding="async" class="alignnone size-full wp-image-1828" src="https://www.art-moves-europe.eu/wp-content/uploads/2020/08/Alessandro-Pongan-2.jpg" alt="" width="667" height="655"></td>
<td style="width: 50%;">&nbsp;</td>
</tr>
<tr>
<td style="width: 50%;" colspan="2"><strong>BIO</strong></p>
<p>Alessandro Pongan was born in La Spezia, Italy, in 1963. Due to the moves of his father, an engineer, he grew up in many different cities and countries. From 1974 to 1981 he lived in Milan and Brazil, at Volta Redonda, in the inland zone near Rio de Janeiro, and in Vitória, the capital of the state of Espírito Santo, a city-island surrounded by the Atlantic. In Vitória he completed his high school studies that began in Milan, taking a diploma in scientific studies. The period spent in South America has left its mark, in the form of a joyful, open perspective on life.</p>
<p>After returning to Milan, he went to the Scuola Politecnica di Design of Nino Di Salvatore, where he graduated in 1983 in Visual Design. His teachers included Heinz Waibl, Attilio Marcolli and Bruno Munari, who entered the classroom pronouncing phrases like “the tree is the very slow explosion of a seed” or “it should be understood that as long as art remains extraneous to the problems of life, it will interest only a few people.”</p>
<p>After working freelance for a few years, in 1988 he founded the visual design studio Officina Design in Milan, which still operates today. In 1993-1994 he spent long periods in Athens as an art director and set designer of television programs for Ant1, a private national broadcasting network. Thanks to these professional experiences, he was able to deeply explore the fields of graphic design, television, set design, computer animation, video production, multimedia installations, always making the force of designthe central feature of his work.</p>
<p>His imagery is clear, confident, pithy and filmic. Latin passion combined with Nordic rationalism. This attraction to the north led him to the artistic and professional encounter with the Danish designer Hans Thyge, with whom he has done many projects, including the interactive section for children, the World of Glass, of the Glasmuseet of Ebeltoft.</p>
<p>The list of companies for which he has worked during almost three decades of career is a long one, among many others, Fiat, AlfaRomeo, Lamborghini, Maserati… In 2015 he did the exhibit installations for the New Holland-Fiat Pavilion at Expo Milano 2015; he directed a television advertisement for the famous design brand Alessi using 3D techniques, and did the set design and artistic direction for the prize ceremony of the Sport Media Pearl Awards in Abu Dhabi. In 2019 he created the design concept for to the Azerbaijan pavilion for Expo 2020.</p>
<p>From 2017 Alessandro devoted himself to personal art project called Totem involving sculptures, bass reliefs, installations, graphics, video projections.</p>
<p><strong>ARTISTIC CV</strong></p>
<p>2020 &#8211; Publication of the RED GIANT project in the book &#8222;Return to the Source&#8220; published by Prestel.</p>
<p>2019 &#8211; LAGI &#8211; Land Art Generator. RED GIANT project selected as finalist of the competition.</p>
<p>2019 &#8211; &#8222;Timeless&#8220; Personal Exhibition. Commissioned by Porsche Centers Milan on the occasion of the presentation of the new Porsche 911 model.</p>
<p>2018 &#8211; Collective Exhibition “Relazioni Estetiche&#8220;. Reggia di Caserta of Caserta, curated by Massimo Scaringella and produced by Villam Art.</p>
<p>2018 &#8211; Parco Balossa Prize, ex-aequo winner. Permanent public sculpture installed in the Balossa Park. Art prize curated by Casa Testori and Parco Nord Milano.</p>
<p>2018 &#8211; 2018 Art Award Finalist, Cairo Publisher. Collective exhibition at the Royal Palace of Milan and publication in the Catalog of Modern Art, and, Giorgio Mondadori.</p>
<p>2018 &#8211; &#8222;Waht&#8217;s Next&#8220; Personal Exhibition, commissioned by Nexi on the occasion of the launch of the new Brand.</p>
<p>2017 &#8211; Collective Exhibition &#8222;CONTEXTO 2017&#8220;, Edolo (BS). Curated by Casa Testori. Monumental work in the main square of the town, July / October 2017</td>
</tr>
</tbody>
</table>

<!-- This site is optimized with the Yoast SEO plugin v27.5 - https://yoast.com/product/yoast-seo-wordpress/ -->
<title>Alessandro Pogan</title>
<meta name="robots" content="index, follow, max-snippet:-1, max-image-preview:large, max-video-preview:-1" />
<link rel="canonical" href="https://www.art-moves-europe.eu/de/alessandro-pogan/" />
<meta property="og:locale" content="de_DE" />
<meta property="og:locale:alternate" content="en_US" />
<meta property="og:type" content="article" />
<meta property="og:title" content="Alessandro Pogan" />
<meta property="og:description" content="&nbsp; BIO Alessandro Pongan was born in La Spezia, Italy, in 1963. Due to the moves of his father, an[...]" />
<meta property="og:url" content="https://www.art-moves-europe.eu/de/alessandro-pogan/" />
<meta property="og:site_name" content="ART MOVES EUROPE e.V." />
<meta property="article:modified_time" content="2020-08-21T06:57:33+00:00" />
<meta property="og:image" content="https://www.art-moves-europe.eu/wp-content/uploads/2020/08/Alessandro-Pongan-2.jpg" />
<meta name="twitter:card" content="summary_large_image" />
<meta name="twitter:label1" content="Geschätzte Lesezeit" />
	<meta name="twitter:data1" content="6 Minuten" />
<script type="application/ld+json" class="yoast-schema-graph">{"@context":"https:\/\/schema.org","@graph":[{"@type":"WebPage","@id":"https:\/\/www.art-moves-europe.eu\/alessandro-pogan\/","url":"https:\/\/www.art-moves-europe.eu\/alessandro-pogan\/","name":"Alessandro Pogan","isPartOf":{"@id":"https:\/\/www.art-moves-europe.eu\/#website"},"primaryImageOfPage":{"@id":"https:\/\/www.art-moves-europe.eu\/alessandro-pogan\/#primaryimage"},"image":{"@id":"https:\/\/www.art-moves-europe.eu\/alessandro-pogan\/#primaryimage"},"thumbnailUrl":"https:\/\/www.art-moves-europe.eu\/wp-content\/uploads\/2020\/08\/Alessandro-Pongan-2.jpg","datePublished":"2020-08-21T06:47:37+00:00","dateModified":"2020-08-21T06:57:33+00:00","breadcrumb":{"@id":"https:\/\/www.art-moves-europe.eu\/alessandro-pogan\/#breadcrumb"},"inLanguage":"de-DE","potentialAction":[{"@type":"ReadAction","target":["https:\/\/www.art-moves-europe.eu\/alessandro-pogan\/"]}]},{"@type":"ImageObject","inLanguage":"de-DE","@id":"https:\/\/www.art-moves-europe.eu\/alessandro-pogan\/#primaryimage","url":"https:\/\/www.art-moves-europe.eu\/wp-content\/uploads\/2020\/08\/Alessandro-Pongan-2.jpg","contentUrl":"https:\/\/www.art-moves-europe.eu\/wp-content\/uploads\/2020\/08\/Alessandro-Pongan-2.jpg"},{"@type":"BreadcrumbList","@id":"https:\/\/www.art-moves-europe.eu\/alessandro-pogan\/#breadcrumb","itemListElement":[{"@type":"ListItem","position":1,"name":"Startseite","item":"https:\/\/www.art-moves-europe.eu\/"},{"@type":"ListItem","position":2,"name":"Alessandro Pongan"}]},{"@type":"WebSite","@id":"https:\/\/www.art-moves-europe.eu\/#website","url":"https:\/\/www.art-moves-europe.eu\/","name":"ART MOVES EUROPE e.V.","description":"","potentialAction":[{"@type":"SearchAction","target":{"@type":"EntryPoint","urlTemplate":"https:\/\/www.art-moves-europe.eu\/?s={search_term_string}"},"query-input":{"@type":"PropertyValueSpecification","valueRequired":true,"valueName":"search_term_string"}}],"inLanguage":"de-DE"}]}</script>
<!-- / Yoast SEO plugin. -->
