{"id":2019,"date":"2020-11-08T15:21:36","date_gmt":"2020-11-08T14:21:36","guid":{"rendered":"https:\/\/www.art-moves-europe.eu\/?page_id=2019"},"modified":"2020-11-08T19:19:02","modified_gmt":"2020-11-08T18:19:02","slug":"the-arch","status":"publish","type":"page","link":"https:\/\/www.art-moves-europe.eu\/de\/the-arch\/","title":{"rendered":"Die Arche, Kungs\u00f6r, Sweden"},"content":{"rendered":"ngg_shortcode_0_placeholder\n<table style=\"border-collapse: collapse; width: 100%;\">\n<tbody>\n<tr>\n<td style=\"width: 100%;\">Titel der Skuptur: Die Arche<\/p>\n<p>K\u00fcnstler: Atis Petravis-Zarins<\/p>\n<p>Material: Marmor<\/p>\n<p>Website:<\/td>\n<\/tr>\n<tr>\n<td style=\"width: 100%;\">\u201cThe Arch\u201d. The marble comes from a quarry named Ekeberg in Glanshammar, just outside \u00d6rebro. Kungs\u00f6r where the sculpture stands in the main square, is a municipality of about 8-9000 inhabitants. I was approached by cultural secretary,asked to present an idea a sculptural for the main square. It was accepted by the politicians and the people. I started to work on the sculpture in-83 and finished -84. Why an arch? I was quite inspired by what I had seen on my travels in Europe and North Africa. And somehow I wanted to share that with the people of Kungs\u00f6r. \u201cThe Arch\u201d can have many meanings. Birth,life walking through to another different life , death etc. For me it came to mean something special. I am born in Sweden but my parents and some of my brothers and sister are born in Latvia. In 1944 October my family arrived in Sweden. My grandfather managed to help 99 people with his boat. When my sculpture was ready, I suddenly realized that it was exactly 40 years earlier that my family were placed in a refuge camp in KUNGS\u00f6R. Yes, life is interesting . If you like to know more about Kungs\u00f6r , please google. I was born in K\u00f6ping a nearby town but live in Stockholm since many years.<\/td>\n<\/tr>\n<\/tbody>\n<\/table>\n","protected":false},"excerpt":{"rendered":"<p>Titel der Skuptur: Die Arche K\u00fcnstler: Atis Petravis-Zarins Material: Marmor Website: \u201cThe Arch\u201d. The marble comes from a quarry named[&#8230;]<\/p>\n","protected":false},"author":2,"featured_media":0,"parent":0,"menu_order":0,"comment_status":"closed","ping_status":"closed","template":"","meta":{"ngg_post_thumbnail":0,"footnotes":""},"class_list":["post-2019","page","type-page","status-publish","hentry"],"yoast_head":"<!-- This site is optimized with the Yoast SEO plugin v27.5 - https:\/\/yoast.com\/product\/yoast-seo-wordpress\/ -->\n<title>Die Arche, Kungs\u00f6r, Sweden<\/title>\n<meta name=\"robots\" content=\"index, follow, max-snippet:-1, max-image-preview:large, max-video-preview:-1\" \/>\n<link rel=\"canonical\" href=\"https:\/\/www.art-moves-europe.eu\/de\/the-arch\/\" \/>\n<meta property=\"og:locale\" content=\"de_DE\" \/>\n<meta property=\"og:locale:alternate\" content=\"en_US\" \/>\n<meta property=\"og:type\" content=\"article\" \/>\n<meta property=\"og:title\" content=\"Die Arche, Kungs\u00f6r, Sweden\" \/>\n<meta property=\"og:description\" content=\"Titel der Skuptur: Die Arche K\u00fcnstler: Atis Petravis-Zarins Material: Marmor Website: \u201cThe Arch\u201d. The marble comes from a quarry named[...]\" \/>\n<meta property=\"og:url\" content=\"https:\/\/www.art-moves-europe.eu\/de\/the-arch\/\" \/>\n<meta property=\"og:site_name\" content=\"ART MOVES EUROPE e.V.\" \/>\n<meta property=\"article:modified_time\" content=\"2020-11-08T18:19:02+00:00\" \/>\n<meta name=\"twitter:card\" content=\"summary_large_image\" \/>\n<meta name=\"twitter:label1\" content=\"Gesch\u00e4tzte Lesezeit\" \/>\n\t<meta name=\"twitter:data1\" content=\"2\u00a0Minuten\" \/>\n<script type=\"application\/ld+json\" class=\"yoast-schema-graph\">{\"@context\":\"https:\\\/\\\/schema.org\",\"@graph\":[{\"@type\":\"WebPage\",\"@id\":\"https:\\\/\\\/www.art-moves-europe.eu\\\/the-arch\\\/\",\"url\":\"https:\\\/\\\/www.art-moves-europe.eu\\\/the-arch\\\/\",\"name\":\"Die Arche, Kungs\u00f6r, Sweden\",\"isPartOf\":{\"@id\":\"https:\\\/\\\/www.art-moves-europe.eu\\\/#website\"},\"datePublished\":\"2020-11-08T14:21:36+00:00\",\"dateModified\":\"2020-11-08T18:19:02+00:00\",\"breadcrumb\":{\"@id\":\"https:\\\/\\\/www.art-moves-europe.eu\\\/the-arch\\\/#breadcrumb\"},\"inLanguage\":\"de-DE\",\"potentialAction\":[{\"@type\":\"ReadAction\",\"target\":[\"https:\\\/\\\/www.art-moves-europe.eu\\\/the-arch\\\/\"]}]},{\"@type\":\"BreadcrumbList\",\"@id\":\"https:\\\/\\\/www.art-moves-europe.eu\\\/the-arch\\\/#breadcrumb\",\"itemListElement\":[{\"@type\":\"ListItem\",\"position\":1,\"name\":\"Startseite\",\"item\":\"https:\\\/\\\/www.art-moves-europe.eu\\\/\"},{\"@type\":\"ListItem\",\"position\":2,\"name\":\"The Arch, Kungs\u00f6r, Sweden\"}]},{\"@type\":\"WebSite\",\"@id\":\"https:\\\/\\\/www.art-moves-europe.eu\\\/#website\",\"url\":\"https:\\\/\\\/www.art-moves-europe.eu\\\/\",\"name\":\"ART MOVES EUROPE e.V.\",\"description\":\"\",\"potentialAction\":[{\"@type\":\"SearchAction\",\"target\":{\"@type\":\"EntryPoint\",\"urlTemplate\":\"https:\\\/\\\/www.art-moves-europe.eu\\\/?s={search_term_string}\"},\"query-input\":{\"@type\":\"PropertyValueSpecification\",\"valueRequired\":true,\"valueName\":\"search_term_string\"}}],\"inLanguage\":\"de-DE\"}]}<\/script>\n<!-- \/ Yoast SEO plugin. -->","yoast_head_json":{"title":"Die Arche, Kungs\u00f6r, Sweden","robots":{"index":"index","follow":"follow","max-snippet":"max-snippet:-1","max-image-preview":"max-image-preview:large","max-video-preview":"max-video-preview:-1"},"canonical":"https:\/\/www.art-moves-europe.eu\/de\/the-arch\/","og_locale":"de_DE","og_type":"article","og_title":"[:en]The Arch, Kungs\u00f6r, Sweden[:de]Die Arche, Kungs\u00f6r, Sweden[:] - ART MOVES EUROPE e.V.","og_description":"Titel der Skuptur: Die Arche K\u00fcnstler: Atis Petravis-Zarins Material: Marmor Website: \u201cThe Arch\u201d. The marble comes from a quarry named[...]","og_url":"https:\/\/www.art-moves-europe.eu\/de\/the-arch\/","og_site_name":"ART MOVES EUROPE e.V.","article_modified_time":"2020-11-08T18:19:02+00:00","twitter_card":"summary_large_image","twitter_misc":{"Gesch\u00e4tzte Lesezeit":"2\u00a0Minuten"},"schema":{"@context":"https:\/\/schema.org","@graph":[{"@type":"WebPage","@id":"https:\/\/www.art-moves-europe.eu\/the-arch\/","url":"https:\/\/www.art-moves-europe.eu\/the-arch\/","name":"Die Arche, Kungs\u00f6r, Sweden","isPartOf":{"@id":"https:\/\/www.art-moves-europe.eu\/#website"},"datePublished":"2020-11-08T14:21:36+00:00","dateModified":"2020-11-08T18:19:02+00:00","breadcrumb":{"@id":"https:\/\/www.art-moves-europe.eu\/the-arch\/#breadcrumb"},"inLanguage":"de-DE","potentialAction":[{"@type":"ReadAction","target":["https:\/\/www.art-moves-europe.eu\/the-arch\/"]}]},{"@type":"BreadcrumbList","@id":"https:\/\/www.art-moves-europe.eu\/the-arch\/#breadcrumb","itemListElement":[{"@type":"ListItem","position":1,"name":"Startseite","item":"https:\/\/www.art-moves-europe.eu\/"},{"@type":"ListItem","position":2,"name":"The Arch, Kungs\u00f6r, Sweden"}]},{"@type":"WebSite","@id":"https:\/\/www.art-moves-europe.eu\/#website","url":"https:\/\/www.art-moves-europe.eu\/","name":"ART MOVES EUROPE e.V.","description":"","potentialAction":[{"@type":"SearchAction","target":{"@type":"EntryPoint","urlTemplate":"https:\/\/www.art-moves-europe.eu\/?s={search_term_string}"},"query-input":{"@type":"PropertyValueSpecification","valueRequired":true,"valueName":"search_term_string"}}],"inLanguage":"de-DE"}]}},"_links":{"self":[{"href":"https:\/\/www.art-moves-europe.eu\/de\/wp-json\/wp\/v2\/pages\/2019","targetHints":{"allow":["GET"]}}],"collection":[{"href":"https:\/\/www.art-moves-europe.eu\/de\/wp-json\/wp\/v2\/pages"}],"about":[{"href":"https:\/\/www.art-moves-europe.eu\/de\/wp-json\/wp\/v2\/types\/page"}],"author":[{"embeddable":true,"href":"https:\/\/www.art-moves-europe.eu\/de\/wp-json\/wp\/v2\/users\/2"}],"replies":[{"embeddable":true,"href":"https:\/\/www.art-moves-europe.eu\/de\/wp-json\/wp\/v2\/comments?post=2019"}],"version-history":[{"count":8,"href":"https:\/\/www.art-moves-europe.eu\/de\/wp-json\/wp\/v2\/pages\/2019\/revisions"}],"predecessor-version":[{"id":2071,"href":"https:\/\/www.art-moves-europe.eu\/de\/wp-json\/wp\/v2\/pages\/2019\/revisions\/2071"}],"wp:attachment":[{"href":"https:\/\/www.art-moves-europe.eu\/de\/wp-json\/wp\/v2\/media?parent=2019"}],"curies":[{"name":"wp","href":"https:\/\/api.w.org\/{rel}","templated":true}]}}

Die Arche, Kungsör, Sweden

ngg_shortcode_0_placeholder
<table style="border-collapse: collapse; width: 100%;">
<tbody>
<tr>
<td style="width: 100%;">Titel der Skuptur: Die Arche</p>
<p>Künstler: Atis Petravis-Zarins</p>
<p>Material: Marmor</p>
<p>Website:</td>
</tr>
<tr>
<td style="width: 100%;">“The Arch”. The marble comes from a quarry named Ekeberg in Glanshammar, just outside Örebro. Kungsör where the sculpture stands in the main square, is a municipality of about 8-9000 inhabitants. I was approached by cultural secretary,asked to present an idea a sculptural for the main square. It was accepted by the politicians and the people. I started to work on the sculpture in-83 and finished -84. Why an arch? I was quite inspired by what I had seen on my travels in Europe and North Africa. And somehow I wanted to share that with the people of Kungsör. “The Arch” can have many meanings. Birth,life walking through to another different life , death etc. For me it came to mean something special. I am born in Sweden but my parents and some of my brothers and sister are born in Latvia. In 1944 October my family arrived in Sweden. My grandfather managed to help 99 people with his boat. When my sculpture was ready, I suddenly realized that it was exactly 40 years earlier that my family were placed in a refuge camp in KUNGSöR. Yes, life is interesting . If you like to know more about Kungsör , please google. I was born in Köping a nearby town but live in Stockholm since many years.</td>
</tr>
</tbody>
</table>

<p>Titel der Skuptur: Die Arche Künstler: Atis Petravis-Zarins Material: Marmor Website: “The Arch”. The marble comes from a quarry named[&#8230;]</p>

<!-- This site is optimized with the Yoast SEO plugin v27.5 - https://yoast.com/product/yoast-seo-wordpress/ -->
<title>Die Arche, Kungsör, Sweden</title>
<meta name="robots" content="index, follow, max-snippet:-1, max-image-preview:large, max-video-preview:-1" />
<link rel="canonical" href="https://www.art-moves-europe.eu/de/the-arch/" />
<meta property="og:locale" content="de_DE" />
<meta property="og:locale:alternate" content="en_US" />
<meta property="og:type" content="article" />
<meta property="og:title" content="Die Arche, Kungsör, Sweden" />
<meta property="og:description" content="Titel der Skuptur: Die Arche Künstler: Atis Petravis-Zarins Material: Marmor Website: “The Arch”. The marble comes from a quarry named[...]" />
<meta property="og:url" content="https://www.art-moves-europe.eu/de/the-arch/" />
<meta property="og:site_name" content="ART MOVES EUROPE e.V." />
<meta property="article:modified_time" content="2020-11-08T18:19:02+00:00" />
<meta name="twitter:card" content="summary_large_image" />
<meta name="twitter:label1" content="Geschätzte Lesezeit" />
	<meta name="twitter:data1" content="2 Minuten" />
<script type="application/ld+json" class="yoast-schema-graph">{"@context":"https:\/\/schema.org","@graph":[{"@type":"WebPage","@id":"https:\/\/www.art-moves-europe.eu\/the-arch\/","url":"https:\/\/www.art-moves-europe.eu\/the-arch\/","name":"Die Arche, Kungsör, Sweden","isPartOf":{"@id":"https:\/\/www.art-moves-europe.eu\/#website"},"datePublished":"2020-11-08T14:21:36+00:00","dateModified":"2020-11-08T18:19:02+00:00","breadcrumb":{"@id":"https:\/\/www.art-moves-europe.eu\/the-arch\/#breadcrumb"},"inLanguage":"de-DE","potentialAction":[{"@type":"ReadAction","target":["https:\/\/www.art-moves-europe.eu\/the-arch\/"]}]},{"@type":"BreadcrumbList","@id":"https:\/\/www.art-moves-europe.eu\/the-arch\/#breadcrumb","itemListElement":[{"@type":"ListItem","position":1,"name":"Startseite","item":"https:\/\/www.art-moves-europe.eu\/"},{"@type":"ListItem","position":2,"name":"The Arch, Kungsör, Sweden"}]},{"@type":"WebSite","@id":"https:\/\/www.art-moves-europe.eu\/#website","url":"https:\/\/www.art-moves-europe.eu\/","name":"ART MOVES EUROPE e.V.","description":"","potentialAction":[{"@type":"SearchAction","target":{"@type":"EntryPoint","urlTemplate":"https:\/\/www.art-moves-europe.eu\/?s={search_term_string}"},"query-input":{"@type":"PropertyValueSpecification","valueRequired":true,"valueName":"search_term_string"}}],"inLanguage":"de-DE"}]}</script>
<!-- / Yoast SEO plugin. -->

[:en]The Arch, Kungsör, Sweden[:de]Die Arche, Kungsör, Sweden[:] - ART MOVES EUROPE e.V.

Titel der Skuptur: Die Arche Künstler: Atis Petravis-Zarins Material: Marmor Website: “The Arch”. The marble comes from a quarry named[...]

The Arch, Kungsör, Sweden
