{"id":2384,"date":"2021-04-06T09:16:25","date_gmt":"2021-04-06T07:16:25","guid":{"rendered":"https:\/\/www.art-moves-europe.eu\/de\/?page_id=2384"},"modified":"2021-04-06T09:17:10","modified_gmt":"2021-04-06T07:17:10","slug":"mein-stoff-fuer-europa-2","status":"publish","type":"page","link":"https:\/\/www.art-moves-europe.eu\/de\/mein-stoff-fuer-europa-2\/","title":{"rendered":"Mein Stoff f\u00fcr Europa"},"content":{"rendered":"<p><strong>Mein Stoff f\u00fcr Europa<\/strong><\/p>\n<p><em>M\u00e4nner meinen sie w\u00fcrden Gro\u00dfartiges leisten, wenn sie gro\u00dfe Steine kleinmachen.<\/em><\/p>\n<p><em>Frauen schaffen kleine Dinge, aber machen sie gro\u00df!<\/em><\/p>\n<p><em>&nbsp;<\/em><\/p>\n<p>Ich lade Euch ein, ein 50 cm x 50 cm gro\u00dfes St\u00fcck Stoff plus 1cm Nahtzugabe aus fester Baumwolle zum Thema \u201eMein Stoff f\u00fcr Europa\u201c zu gestalten. Applikation, Sticken, Bemalen, \u2026 alles ist erlaubt.<\/p>\n<p>Die fertigen Kunstwerke schickt Ihr bitte an:<\/p>\n<p>Ursula Mevissen<\/p>\n<p>Von-Ketteler-Str. 14<\/p>\n<p>52477 Alsdorf<\/p>\n<p>Ich werde die einzelnen Stoffe dann zu einer Patchworkarbeit von mindestens 300 cm x 300 cm zusammenf\u00fcgen. Sollten mehr als 36 Stoffe f\u00fcr Europa zusammenkommen, ist das n\u00e4chste Ziel 49, dann 64 und so weiter.<\/p>\n<p>Das Gesamtkunstwerk werden wir am 9.Mai 2022 zu unserer Er\u00f6ffnungsveranstaltung des Europ\u00e4ischen Skulpturenweges pr\u00e4sentieren.<\/p>\n<p>Jede einzelne Arbeit wird auf unserer Website bereits vorher ver\u00f6ffentlicht.<\/p>\n<p>Ich freue mich auf viele tolle Einsendungen!<\/p>\n<p>Einsendeschluss ist der 31.12.2021<\/p>\n<p>Liebe Gr\u00fc\u00dfe<\/p>\n<p>Ulla<\/p>\n<p><em>P.S.: Sofern Ihr nicht schon Mitglied in Art moves Europe e.V. seid, w\u00e4re es nat\u00fcrlich eine Freude f\u00fcr uns, wenn Ihr Euch durch dieses Projekt angesprochen f\u00fchlt und Mitglied werdet. <\/em><\/p>\n<p><em>E-Mail: <\/em><a href=\"mailto:info@art-moves-europe.eu\"><em>info@art-moves-europe.eu<\/em><\/a><\/p>\n","protected":false},"excerpt":{"rendered":"<p>Mein Stoff f\u00fcr Europa M\u00e4nner meinen sie w\u00fcrden Gro\u00dfartiges leisten, wenn sie gro\u00dfe Steine kleinmachen. Frauen schaffen kleine Dinge, aber[&#8230;]<\/p>\n","protected":false},"author":2,"featured_media":0,"parent":0,"menu_order":0,"comment_status":"closed","ping_status":"closed","template":"","meta":{"ngg_post_thumbnail":0,"footnotes":""},"class_list":["post-2384","page","type-page","status-publish","hentry"],"yoast_head":"<!-- This site is optimized with the Yoast SEO plugin v27.5 - https:\/\/yoast.com\/product\/yoast-seo-wordpress\/ -->\n<title>Mein Stoff f\u00fcr Europa<\/title>\n<meta name=\"robots\" content=\"index, follow, max-snippet:-1, max-image-preview:large, max-video-preview:-1\" \/>\n<link rel=\"canonical\" href=\"https:\/\/www.art-moves-europe.eu\/de\/mein-stoff-fuer-europa-2\/\" \/>\n<meta property=\"og:locale\" content=\"de_DE\" \/>\n<meta property=\"og:locale:alternate\" content=\"en_US\" \/>\n<meta property=\"og:type\" content=\"article\" \/>\n<meta property=\"og:title\" content=\"Mein Stoff f\u00fcr Europa\" \/>\n<meta property=\"og:description\" content=\"Mein Stoff f\u00fcr Europa M\u00e4nner meinen sie w\u00fcrden Gro\u00dfartiges leisten, wenn sie gro\u00dfe Steine kleinmachen. Frauen schaffen kleine Dinge, aber[...]\" \/>\n<meta property=\"og:url\" content=\"https:\/\/www.art-moves-europe.eu\/de\/mein-stoff-fuer-europa-2\/\" \/>\n<meta property=\"og:site_name\" content=\"ART MOVES EUROPE e.V.\" \/>\n<meta property=\"article:modified_time\" content=\"2021-04-06T07:17:10+00:00\" \/>\n<meta name=\"twitter:card\" content=\"summary_large_image\" \/>\n<meta name=\"twitter:label1\" content=\"Gesch\u00e4tzte Lesezeit\" \/>\n\t<meta name=\"twitter:data1\" content=\"1\u00a0Minute\" \/>\n<script type=\"application\/ld+json\" class=\"yoast-schema-graph\">{\"@context\":\"https:\\\/\\\/schema.org\",\"@graph\":[{\"@type\":\"WebPage\",\"@id\":\"https:\\\/\\\/www.art-moves-europe.eu\\\/mein-stoff-fuer-europa-2\\\/\",\"url\":\"https:\\\/\\\/www.art-moves-europe.eu\\\/mein-stoff-fuer-europa-2\\\/\",\"name\":\"Mein Stoff f\u00fcr Europa\",\"isPartOf\":{\"@id\":\"https:\\\/\\\/www.art-moves-europe.eu\\\/#website\"},\"datePublished\":\"2021-04-06T07:16:25+00:00\",\"dateModified\":\"2021-04-06T07:17:10+00:00\",\"breadcrumb\":{\"@id\":\"https:\\\/\\\/www.art-moves-europe.eu\\\/mein-stoff-fuer-europa-2\\\/#breadcrumb\"},\"inLanguage\":\"de-DE\",\"potentialAction\":[{\"@type\":\"ReadAction\",\"target\":[\"https:\\\/\\\/www.art-moves-europe.eu\\\/mein-stoff-fuer-europa-2\\\/\"]}]},{\"@type\":\"BreadcrumbList\",\"@id\":\"https:\\\/\\\/www.art-moves-europe.eu\\\/mein-stoff-fuer-europa-2\\\/#breadcrumb\",\"itemListElement\":[{\"@type\":\"ListItem\",\"position\":1,\"name\":\"Startseite\",\"item\":\"https:\\\/\\\/www.art-moves-europe.eu\\\/\"},{\"@type\":\"ListItem\",\"position\":2,\"name\":\"My textile for Europe\"}]},{\"@type\":\"WebSite\",\"@id\":\"https:\\\/\\\/www.art-moves-europe.eu\\\/#website\",\"url\":\"https:\\\/\\\/www.art-moves-europe.eu\\\/\",\"name\":\"ART MOVES EUROPE e.V.\",\"description\":\"\",\"potentialAction\":[{\"@type\":\"SearchAction\",\"target\":{\"@type\":\"EntryPoint\",\"urlTemplate\":\"https:\\\/\\\/www.art-moves-europe.eu\\\/?s={search_term_string}\"},\"query-input\":{\"@type\":\"PropertyValueSpecification\",\"valueRequired\":true,\"valueName\":\"search_term_string\"}}],\"inLanguage\":\"de-DE\"}]}<\/script>\n<!-- \/ Yoast SEO plugin. -->","yoast_head_json":{"title":"Mein Stoff f\u00fcr Europa","robots":{"index":"index","follow":"follow","max-snippet":"max-snippet:-1","max-image-preview":"max-image-preview:large","max-video-preview":"max-video-preview:-1"},"canonical":"https:\/\/www.art-moves-europe.eu\/de\/mein-stoff-fuer-europa-2\/","og_locale":"de_DE","og_type":"article","og_title":"[:en]My textile for Europe[:de]Mein Stoff f\u00fcr Europa[:] - ART MOVES EUROPE e.V.","og_description":"Mein Stoff f\u00fcr Europa M\u00e4nner meinen sie w\u00fcrden Gro\u00dfartiges leisten, wenn sie gro\u00dfe Steine kleinmachen. Frauen schaffen kleine Dinge, aber[...]","og_url":"https:\/\/www.art-moves-europe.eu\/de\/mein-stoff-fuer-europa-2\/","og_site_name":"ART MOVES EUROPE e.V.","article_modified_time":"2021-04-06T07:17:10+00:00","twitter_card":"summary_large_image","twitter_misc":{"Gesch\u00e4tzte Lesezeit":"1\u00a0Minute"},"schema":{"@context":"https:\/\/schema.org","@graph":[{"@type":"WebPage","@id":"https:\/\/www.art-moves-europe.eu\/mein-stoff-fuer-europa-2\/","url":"https:\/\/www.art-moves-europe.eu\/mein-stoff-fuer-europa-2\/","name":"Mein Stoff f\u00fcr Europa","isPartOf":{"@id":"https:\/\/www.art-moves-europe.eu\/#website"},"datePublished":"2021-04-06T07:16:25+00:00","dateModified":"2021-04-06T07:17:10+00:00","breadcrumb":{"@id":"https:\/\/www.art-moves-europe.eu\/mein-stoff-fuer-europa-2\/#breadcrumb"},"inLanguage":"de-DE","potentialAction":[{"@type":"ReadAction","target":["https:\/\/www.art-moves-europe.eu\/mein-stoff-fuer-europa-2\/"]}]},{"@type":"BreadcrumbList","@id":"https:\/\/www.art-moves-europe.eu\/mein-stoff-fuer-europa-2\/#breadcrumb","itemListElement":[{"@type":"ListItem","position":1,"name":"Startseite","item":"https:\/\/www.art-moves-europe.eu\/"},{"@type":"ListItem","position":2,"name":"My textile for Europe"}]},{"@type":"WebSite","@id":"https:\/\/www.art-moves-europe.eu\/#website","url":"https:\/\/www.art-moves-europe.eu\/","name":"ART MOVES EUROPE e.V.","description":"","potentialAction":[{"@type":"SearchAction","target":{"@type":"EntryPoint","urlTemplate":"https:\/\/www.art-moves-europe.eu\/?s={search_term_string}"},"query-input":{"@type":"PropertyValueSpecification","valueRequired":true,"valueName":"search_term_string"}}],"inLanguage":"de-DE"}]}},"_links":{"self":[{"href":"https:\/\/www.art-moves-europe.eu\/de\/wp-json\/wp\/v2\/pages\/2384","targetHints":{"allow":["GET"]}}],"collection":[{"href":"https:\/\/www.art-moves-europe.eu\/de\/wp-json\/wp\/v2\/pages"}],"about":[{"href":"https:\/\/www.art-moves-europe.eu\/de\/wp-json\/wp\/v2\/types\/page"}],"author":[{"embeddable":true,"href":"https:\/\/www.art-moves-europe.eu\/de\/wp-json\/wp\/v2\/users\/2"}],"replies":[{"embeddable":true,"href":"https:\/\/www.art-moves-europe.eu\/de\/wp-json\/wp\/v2\/comments?post=2384"}],"version-history":[{"count":3,"href":"https:\/\/www.art-moves-europe.eu\/de\/wp-json\/wp\/v2\/pages\/2384\/revisions"}],"predecessor-version":[{"id":2401,"href":"https:\/\/www.art-moves-europe.eu\/de\/wp-json\/wp\/v2\/pages\/2384\/revisions\/2401"}],"wp:attachment":[{"href":"https:\/\/www.art-moves-europe.eu\/de\/wp-json\/wp\/v2\/media?parent=2384"}],"curies":[{"name":"wp","href":"https:\/\/api.w.org\/{rel}","templated":true}]}}

Mein Stoff für Europa

<p><strong>Mein Stoff für Europa</strong></p>
<p><em>Männer meinen sie würden Großartiges leisten, wenn sie große Steine kleinmachen.</em></p>
<p><em>Frauen schaffen kleine Dinge, aber machen sie groß!</em></p>
<p><em>&nbsp;</em></p>
<p>Ich lade Euch ein, ein 50 cm x 50 cm großes Stück Stoff plus 1cm Nahtzugabe aus fester Baumwolle zum Thema „Mein Stoff für Europa“ zu gestalten. Applikation, Sticken, Bemalen, … alles ist erlaubt.</p>
<p>Die fertigen Kunstwerke schickt Ihr bitte an:</p>
<p>Ursula Mevissen</p>
<p>Von-Ketteler-Str. 14</p>
<p>52477 Alsdorf</p>
<p>Ich werde die einzelnen Stoffe dann zu einer Patchworkarbeit von mindestens 300 cm x 300 cm zusammenfügen. Sollten mehr als 36 Stoffe für Europa zusammenkommen, ist das nächste Ziel 49, dann 64 und so weiter.</p>
<p>Das Gesamtkunstwerk werden wir am 9.Mai 2022 zu unserer Eröffnungsveranstaltung des Europäischen Skulpturenweges präsentieren.</p>
<p>Jede einzelne Arbeit wird auf unserer Website bereits vorher veröffentlicht.</p>
<p>Ich freue mich auf viele tolle Einsendungen!</p>
<p>Einsendeschluss ist der 31.12.2021</p>
<p>Liebe Grüße</p>
<p>Ulla</p>
<p><em>P.S.: Sofern Ihr nicht schon Mitglied in Art moves Europe e.V. seid, wäre es natürlich eine Freude für uns, wenn Ihr Euch durch dieses Projekt angesprochen fühlt und Mitglied werdet. </em></p>
<p><em>E-Mail: </em><a href="mailto:info@art-moves-europe.eu"><em>info@art-moves-europe.eu</em></a></p>

<p>Mein Stoff für Europa Männer meinen sie würden Großartiges leisten, wenn sie große Steine kleinmachen. Frauen schaffen kleine Dinge, aber[&#8230;]</p>

<!-- This site is optimized with the Yoast SEO plugin v27.5 - https://yoast.com/product/yoast-seo-wordpress/ -->
<title>Mein Stoff für Europa</title>
<meta name="robots" content="index, follow, max-snippet:-1, max-image-preview:large, max-video-preview:-1" />
<link rel="canonical" href="https://www.art-moves-europe.eu/de/mein-stoff-fuer-europa-2/" />
<meta property="og:locale" content="de_DE" />
<meta property="og:locale:alternate" content="en_US" />
<meta property="og:type" content="article" />
<meta property="og:title" content="Mein Stoff für Europa" />
<meta property="og:description" content="Mein Stoff für Europa Männer meinen sie würden Großartiges leisten, wenn sie große Steine kleinmachen. Frauen schaffen kleine Dinge, aber[...]" />
<meta property="og:url" content="https://www.art-moves-europe.eu/de/mein-stoff-fuer-europa-2/" />
<meta property="og:site_name" content="ART MOVES EUROPE e.V." />
<meta property="article:modified_time" content="2021-04-06T07:17:10+00:00" />
<meta name="twitter:card" content="summary_large_image" />
<meta name="twitter:label1" content="Geschätzte Lesezeit" />
	<meta name="twitter:data1" content="1 Minute" />
<script type="application/ld+json" class="yoast-schema-graph">{"@context":"https:\/\/schema.org","@graph":[{"@type":"WebPage","@id":"https:\/\/www.art-moves-europe.eu\/mein-stoff-fuer-europa-2\/","url":"https:\/\/www.art-moves-europe.eu\/mein-stoff-fuer-europa-2\/","name":"Mein Stoff für Europa","isPartOf":{"@id":"https:\/\/www.art-moves-europe.eu\/#website"},"datePublished":"2021-04-06T07:16:25+00:00","dateModified":"2021-04-06T07:17:10+00:00","breadcrumb":{"@id":"https:\/\/www.art-moves-europe.eu\/mein-stoff-fuer-europa-2\/#breadcrumb"},"inLanguage":"de-DE","potentialAction":[{"@type":"ReadAction","target":["https:\/\/www.art-moves-europe.eu\/mein-stoff-fuer-europa-2\/"]}]},{"@type":"BreadcrumbList","@id":"https:\/\/www.art-moves-europe.eu\/mein-stoff-fuer-europa-2\/#breadcrumb","itemListElement":[{"@type":"ListItem","position":1,"name":"Startseite","item":"https:\/\/www.art-moves-europe.eu\/"},{"@type":"ListItem","position":2,"name":"My textile for Europe"}]},{"@type":"WebSite","@id":"https:\/\/www.art-moves-europe.eu\/#website","url":"https:\/\/www.art-moves-europe.eu\/","name":"ART MOVES EUROPE e.V.","description":"","potentialAction":[{"@type":"SearchAction","target":{"@type":"EntryPoint","urlTemplate":"https:\/\/www.art-moves-europe.eu\/?s={search_term_string}"},"query-input":{"@type":"PropertyValueSpecification","valueRequired":true,"valueName":"search_term_string"}}],"inLanguage":"de-DE"}]}</script>
<!-- / Yoast SEO plugin. -->

[:en]My textile for Europe[:de]Mein Stoff für Europa[:] - ART MOVES EUROPE e.V.

Mein Stoff für Europa Männer meinen sie würden Großartiges leisten, wenn sie große Steine kleinmachen. Frauen schaffen kleine Dinge, aber[...]
