{"id":2596,"date":"2021-05-25T14:19:39","date_gmt":"2021-05-25T12:19:39","guid":{"rendered":"https:\/\/www.art-moves-europe.eu\/?page_id=2596"},"modified":"2021-05-25T14:21:41","modified_gmt":"2021-05-25T12:21:41","slug":"michaela-lawtoo-my-textile","status":"publish","type":"page","link":"https:\/\/www.art-moves-europe.eu\/de\/michaela-lawtoo-my-textile\/","title":{"rendered":"Michaela Lawtoo &#8211; Mein Stoff"},"content":{"rendered":"<table style=\"border-collapse: collapse; width: 100%;\">\n<tbody>\n<tr>\n<td style=\"width: 49.1316%;\"><img loading=\"lazy\" decoding=\"async\" class=\"alignnone size-medium wp-image-2597\" src=\"https:\/\/www.art-moves-europe.eu\/wp-content\/uploads\/2021\/05\/Michaela-2-300x284.jpeg\" alt=\"\" width=\"300\" height=\"284\" srcset=\"https:\/\/www.art-moves-europe.eu\/wp-content\/uploads\/2021\/05\/Michaela-2-300x284.jpeg 300w, https:\/\/www.art-moves-europe.eu\/wp-content\/uploads\/2021\/05\/Michaela-2.jpeg 508w\" sizes=\"auto, (max-width: 300px) 100vw, 300px\" \/>&nbsp;<\/td>\n<td style=\"width: 50.8684%;\"><img loading=\"lazy\" decoding=\"async\" class=\"alignnone size-medium wp-image-2598\" src=\"https:\/\/www.art-moves-europe.eu\/wp-content\/uploads\/2021\/05\/Michaela-300x282.jpeg\" alt=\"\" width=\"300\" height=\"282\" srcset=\"https:\/\/www.art-moves-europe.eu\/wp-content\/uploads\/2021\/05\/Michaela-300x282.jpeg 300w, https:\/\/www.art-moves-europe.eu\/wp-content\/uploads\/2021\/05\/Michaela.jpeg 510w\" sizes=\"auto, (max-width: 300px) 100vw, 300px\" \/><\/td>\n<\/tr>\n<tr>\n<td style=\"width: 49.1316%;\" colspan=\"2\">Lights for Future\u2026<br \/>\nLights for Future\u2026soll die aktuell prek\u00e4re klimatische Situation aus unterschiedlichen Perspektiven beleuchten- zwei Reliefs stehen in Kommunikation und deuten \u00e4sthetisch oppositionelle M\u00f6glichkeiten der Entwicklung der gemeinschaftlichen (Europ\u00e4ischen und Globalen) Zukunft an. Die Anthropoz\u00e4n, schreibt Haraway in Staying with the Trouble, markiert Diskontinuit\u00e4ten \u201ewas danach kommt wird nicht so sein wie vorher\u201c. Mit diesem k\u00fcnstlerischen Ausdruck m\u00f6chte ich ein positives Licht in die Zukunft werfen.<\/p>\n<p>Technik: Leinen, Chiffon, fl\u00fcssig Latex von innen beleuchtet<\/td>\n<\/tr>\n<\/tbody>\n<\/table>\n","protected":false},"excerpt":{"rendered":"<p>&nbsp; Lights for Future\u2026 Lights for Future\u2026soll die aktuell prek\u00e4re klimatische Situation aus unterschiedlichen Perspektiven beleuchten- zwei Reliefs stehen in[&#8230;]<\/p>\n","protected":false},"author":2,"featured_media":0,"parent":0,"menu_order":0,"comment_status":"closed","ping_status":"closed","template":"","meta":{"ngg_post_thumbnail":0,"footnotes":""},"class_list":["post-2596","page","type-page","status-publish","hentry"],"yoast_head":"<!-- This site is optimized with the Yoast SEO plugin v27.5 - https:\/\/yoast.com\/product\/yoast-seo-wordpress\/ -->\n<title>Michaela Lawtoo - Mein Stoff<\/title>\n<meta name=\"robots\" content=\"index, follow, max-snippet:-1, max-image-preview:large, max-video-preview:-1\" \/>\n<link rel=\"canonical\" href=\"https:\/\/www.art-moves-europe.eu\/de\/michaela-lawtoo-my-textile\/\" \/>\n<meta property=\"og:locale\" content=\"de_DE\" \/>\n<meta property=\"og:locale:alternate\" content=\"en_US\" \/>\n<meta property=\"og:type\" content=\"article\" \/>\n<meta property=\"og:title\" content=\"Michaela Lawtoo - Mein Stoff\" \/>\n<meta property=\"og:description\" content=\"&nbsp; Lights for Future\u2026 Lights for Future\u2026soll die aktuell prek\u00e4re klimatische Situation aus unterschiedlichen Perspektiven beleuchten- zwei Reliefs stehen in[...]\" \/>\n<meta property=\"og:url\" content=\"https:\/\/www.art-moves-europe.eu\/de\/michaela-lawtoo-my-textile\/\" \/>\n<meta property=\"og:site_name\" content=\"ART MOVES EUROPE e.V.\" \/>\n<meta property=\"article:modified_time\" content=\"2021-05-25T12:21:41+00:00\" \/>\n<meta property=\"og:image\" content=\"https:\/\/www.art-moves-europe.eu\/wp-content\/uploads\/2021\/05\/Michaela-2-300x284.jpeg\" \/>\n<meta name=\"twitter:card\" content=\"summary_large_image\" \/>\n<meta name=\"twitter:label1\" content=\"Gesch\u00e4tzte Lesezeit\" \/>\n\t<meta name=\"twitter:data1\" content=\"1\u00a0Minute\" \/>\n<script type=\"application\/ld+json\" class=\"yoast-schema-graph\">{\"@context\":\"https:\\\/\\\/schema.org\",\"@graph\":[{\"@type\":\"WebPage\",\"@id\":\"https:\\\/\\\/www.art-moves-europe.eu\\\/michaela-lawtoo-my-textile\\\/\",\"url\":\"https:\\\/\\\/www.art-moves-europe.eu\\\/michaela-lawtoo-my-textile\\\/\",\"name\":\"Michaela Lawtoo - Mein Stoff\",\"isPartOf\":{\"@id\":\"https:\\\/\\\/www.art-moves-europe.eu\\\/#website\"},\"primaryImageOfPage\":{\"@id\":\"https:\\\/\\\/www.art-moves-europe.eu\\\/michaela-lawtoo-my-textile\\\/#primaryimage\"},\"image\":{\"@id\":\"https:\\\/\\\/www.art-moves-europe.eu\\\/michaela-lawtoo-my-textile\\\/#primaryimage\"},\"thumbnailUrl\":\"https:\\\/\\\/www.art-moves-europe.eu\\\/wp-content\\\/uploads\\\/2021\\\/05\\\/Michaela-2-300x284.jpeg\",\"datePublished\":\"2021-05-25T12:19:39+00:00\",\"dateModified\":\"2021-05-25T12:21:41+00:00\",\"breadcrumb\":{\"@id\":\"https:\\\/\\\/www.art-moves-europe.eu\\\/michaela-lawtoo-my-textile\\\/#breadcrumb\"},\"inLanguage\":\"de-DE\",\"potentialAction\":[{\"@type\":\"ReadAction\",\"target\":[\"https:\\\/\\\/www.art-moves-europe.eu\\\/michaela-lawtoo-my-textile\\\/\"]}]},{\"@type\":\"ImageObject\",\"inLanguage\":\"de-DE\",\"@id\":\"https:\\\/\\\/www.art-moves-europe.eu\\\/michaela-lawtoo-my-textile\\\/#primaryimage\",\"url\":\"https:\\\/\\\/www.art-moves-europe.eu\\\/wp-content\\\/uploads\\\/2021\\\/05\\\/Michaela-2-300x284.jpeg\",\"contentUrl\":\"https:\\\/\\\/www.art-moves-europe.eu\\\/wp-content\\\/uploads\\\/2021\\\/05\\\/Michaela-2-300x284.jpeg\"},{\"@type\":\"BreadcrumbList\",\"@id\":\"https:\\\/\\\/www.art-moves-europe.eu\\\/michaela-lawtoo-my-textile\\\/#breadcrumb\",\"itemListElement\":[{\"@type\":\"ListItem\",\"position\":1,\"name\":\"Startseite\",\"item\":\"https:\\\/\\\/www.art-moves-europe.eu\\\/\"},{\"@type\":\"ListItem\",\"position\":2,\"name\":\"Michaela Lawtoo &#8211; My Textile\"}]},{\"@type\":\"WebSite\",\"@id\":\"https:\\\/\\\/www.art-moves-europe.eu\\\/#website\",\"url\":\"https:\\\/\\\/www.art-moves-europe.eu\\\/\",\"name\":\"ART MOVES EUROPE e.V.\",\"description\":\"\",\"potentialAction\":[{\"@type\":\"SearchAction\",\"target\":{\"@type\":\"EntryPoint\",\"urlTemplate\":\"https:\\\/\\\/www.art-moves-europe.eu\\\/?s={search_term_string}\"},\"query-input\":{\"@type\":\"PropertyValueSpecification\",\"valueRequired\":true,\"valueName\":\"search_term_string\"}}],\"inLanguage\":\"de-DE\"}]}<\/script>\n<!-- \/ Yoast SEO plugin. -->","yoast_head_json":{"title":"Michaela Lawtoo - Mein Stoff","robots":{"index":"index","follow":"follow","max-snippet":"max-snippet:-1","max-image-preview":"max-image-preview:large","max-video-preview":"max-video-preview:-1"},"canonical":"https:\/\/www.art-moves-europe.eu\/de\/michaela-lawtoo-my-textile\/","og_locale":"de_DE","og_type":"article","og_title":"[:en]Michaela Lawtoo - My Textile[:de]Michaela Lawtoo - Mein Stoff[:] - ART MOVES EUROPE e.V.","og_description":"&nbsp; Lights for Future\u2026 Lights for Future\u2026soll die aktuell prek\u00e4re klimatische Situation aus unterschiedlichen Perspektiven beleuchten- zwei Reliefs stehen in[...]","og_url":"https:\/\/www.art-moves-europe.eu\/de\/michaela-lawtoo-my-textile\/","og_site_name":"ART MOVES EUROPE e.V.","article_modified_time":"2021-05-25T12:21:41+00:00","og_image":[{"url":"https:\/\/www.art-moves-europe.eu\/wp-content\/uploads\/2021\/05\/Michaela-2-300x284.jpeg","type":"","width":"","height":""}],"twitter_card":"summary_large_image","twitter_misc":{"Gesch\u00e4tzte Lesezeit":"1\u00a0Minute"},"schema":{"@context":"https:\/\/schema.org","@graph":[{"@type":"WebPage","@id":"https:\/\/www.art-moves-europe.eu\/michaela-lawtoo-my-textile\/","url":"https:\/\/www.art-moves-europe.eu\/michaela-lawtoo-my-textile\/","name":"Michaela Lawtoo - Mein Stoff","isPartOf":{"@id":"https:\/\/www.art-moves-europe.eu\/#website"},"primaryImageOfPage":{"@id":"https:\/\/www.art-moves-europe.eu\/michaela-lawtoo-my-textile\/#primaryimage"},"image":{"@id":"https:\/\/www.art-moves-europe.eu\/michaela-lawtoo-my-textile\/#primaryimage"},"thumbnailUrl":"https:\/\/www.art-moves-europe.eu\/wp-content\/uploads\/2021\/05\/Michaela-2-300x284.jpeg","datePublished":"2021-05-25T12:19:39+00:00","dateModified":"2021-05-25T12:21:41+00:00","breadcrumb":{"@id":"https:\/\/www.art-moves-europe.eu\/michaela-lawtoo-my-textile\/#breadcrumb"},"inLanguage":"de-DE","potentialAction":[{"@type":"ReadAction","target":["https:\/\/www.art-moves-europe.eu\/michaela-lawtoo-my-textile\/"]}]},{"@type":"ImageObject","inLanguage":"de-DE","@id":"https:\/\/www.art-moves-europe.eu\/michaela-lawtoo-my-textile\/#primaryimage","url":"https:\/\/www.art-moves-europe.eu\/wp-content\/uploads\/2021\/05\/Michaela-2-300x284.jpeg","contentUrl":"https:\/\/www.art-moves-europe.eu\/wp-content\/uploads\/2021\/05\/Michaela-2-300x284.jpeg"},{"@type":"BreadcrumbList","@id":"https:\/\/www.art-moves-europe.eu\/michaela-lawtoo-my-textile\/#breadcrumb","itemListElement":[{"@type":"ListItem","position":1,"name":"Startseite","item":"https:\/\/www.art-moves-europe.eu\/"},{"@type":"ListItem","position":2,"name":"Michaela Lawtoo &#8211; My Textile"}]},{"@type":"WebSite","@id":"https:\/\/www.art-moves-europe.eu\/#website","url":"https:\/\/www.art-moves-europe.eu\/","name":"ART MOVES EUROPE e.V.","description":"","potentialAction":[{"@type":"SearchAction","target":{"@type":"EntryPoint","urlTemplate":"https:\/\/www.art-moves-europe.eu\/?s={search_term_string}"},"query-input":{"@type":"PropertyValueSpecification","valueRequired":true,"valueName":"search_term_string"}}],"inLanguage":"de-DE"}]}},"_links":{"self":[{"href":"https:\/\/www.art-moves-europe.eu\/de\/wp-json\/wp\/v2\/pages\/2596","targetHints":{"allow":["GET"]}}],"collection":[{"href":"https:\/\/www.art-moves-europe.eu\/de\/wp-json\/wp\/v2\/pages"}],"about":[{"href":"https:\/\/www.art-moves-europe.eu\/de\/wp-json\/wp\/v2\/types\/page"}],"author":[{"embeddable":true,"href":"https:\/\/www.art-moves-europe.eu\/de\/wp-json\/wp\/v2\/users\/2"}],"replies":[{"embeddable":true,"href":"https:\/\/www.art-moves-europe.eu\/de\/wp-json\/wp\/v2\/comments?post=2596"}],"version-history":[{"count":3,"href":"https:\/\/www.art-moves-europe.eu\/de\/wp-json\/wp\/v2\/pages\/2596\/revisions"}],"predecessor-version":[{"id":2601,"href":"https:\/\/www.art-moves-europe.eu\/de\/wp-json\/wp\/v2\/pages\/2596\/revisions\/2601"}],"wp:attachment":[{"href":"https:\/\/www.art-moves-europe.eu\/de\/wp-json\/wp\/v2\/media?parent=2596"}],"curies":[{"name":"wp","href":"https:\/\/api.w.org\/{rel}","templated":true}]}}

<table style="border-collapse: collapse; width: 100%;">
<tbody>
<tr>
<td style="width: 49.1316%;"><img loading="lazy" decoding="async" class="alignnone size-medium wp-image-2597" src="https://www.art-moves-europe.eu/wp-content/uploads/2021/05/Michaela-2-300x284.jpeg" alt="" width="300" height="284" srcset="https://www.art-moves-europe.eu/wp-content/uploads/2021/05/Michaela-2-300x284.jpeg 300w, https://www.art-moves-europe.eu/wp-content/uploads/2021/05/Michaela-2.jpeg 508w" sizes="auto, (max-width: 300px) 100vw, 300px" />&nbsp;</td>
<td style="width: 50.8684%;"><img loading="lazy" decoding="async" class="alignnone size-medium wp-image-2598" src="https://www.art-moves-europe.eu/wp-content/uploads/2021/05/Michaela-300x282.jpeg" alt="" width="300" height="282" srcset="https://www.art-moves-europe.eu/wp-content/uploads/2021/05/Michaela-300x282.jpeg 300w, https://www.art-moves-europe.eu/wp-content/uploads/2021/05/Michaela.jpeg 510w" sizes="auto, (max-width: 300px) 100vw, 300px" /></td>
</tr>
<tr>
<td style="width: 49.1316%;" colspan="2">Lights for Future…<br />
Lights for Future…soll die aktuell prekäre klimatische Situation aus unterschiedlichen Perspektiven beleuchten- zwei Reliefs stehen in Kommunikation und deuten ästhetisch oppositionelle Möglichkeiten der Entwicklung der gemeinschaftlichen (Europäischen und Globalen) Zukunft an. Die Anthropozän, schreibt Haraway in Staying with the Trouble, markiert Diskontinuitäten „was danach kommt wird nicht so sein wie vorher“. Mit diesem künstlerischen Ausdruck möchte ich ein positives Licht in die Zukunft werfen.</p>
<p>Technik: Leinen, Chiffon, flüssig Latex von innen beleuchtet</td>
</tr>
</tbody>
</table>

<p>&nbsp; Lights for Future… Lights for Future…soll die aktuell prekäre klimatische Situation aus unterschiedlichen Perspektiven beleuchten- zwei Reliefs stehen in[&#8230;]</p>

<!-- This site is optimized with the Yoast SEO plugin v27.5 - https://yoast.com/product/yoast-seo-wordpress/ -->
<title>Michaela Lawtoo - Mein Stoff</title>
<meta name="robots" content="index, follow, max-snippet:-1, max-image-preview:large, max-video-preview:-1" />
<link rel="canonical" href="https://www.art-moves-europe.eu/de/michaela-lawtoo-my-textile/" />
<meta property="og:locale" content="de_DE" />
<meta property="og:locale:alternate" content="en_US" />
<meta property="og:type" content="article" />
<meta property="og:title" content="Michaela Lawtoo - Mein Stoff" />
<meta property="og:description" content="&nbsp; Lights for Future… Lights for Future…soll die aktuell prekäre klimatische Situation aus unterschiedlichen Perspektiven beleuchten- zwei Reliefs stehen in[...]" />
<meta property="og:url" content="https://www.art-moves-europe.eu/de/michaela-lawtoo-my-textile/" />
<meta property="og:site_name" content="ART MOVES EUROPE e.V." />
<meta property="article:modified_time" content="2021-05-25T12:21:41+00:00" />
<meta property="og:image" content="https://www.art-moves-europe.eu/wp-content/uploads/2021/05/Michaela-2-300x284.jpeg" />
<meta name="twitter:card" content="summary_large_image" />
<meta name="twitter:label1" content="Geschätzte Lesezeit" />
	<meta name="twitter:data1" content="1 Minute" />
<script type="application/ld+json" class="yoast-schema-graph">{"@context":"https:\/\/schema.org","@graph":[{"@type":"WebPage","@id":"https:\/\/www.art-moves-europe.eu\/michaela-lawtoo-my-textile\/","url":"https:\/\/www.art-moves-europe.eu\/michaela-lawtoo-my-textile\/","name":"Michaela Lawtoo - Mein Stoff","isPartOf":{"@id":"https:\/\/www.art-moves-europe.eu\/#website"},"primaryImageOfPage":{"@id":"https:\/\/www.art-moves-europe.eu\/michaela-lawtoo-my-textile\/#primaryimage"},"image":{"@id":"https:\/\/www.art-moves-europe.eu\/michaela-lawtoo-my-textile\/#primaryimage"},"thumbnailUrl":"https:\/\/www.art-moves-europe.eu\/wp-content\/uploads\/2021\/05\/Michaela-2-300x284.jpeg","datePublished":"2021-05-25T12:19:39+00:00","dateModified":"2021-05-25T12:21:41+00:00","breadcrumb":{"@id":"https:\/\/www.art-moves-europe.eu\/michaela-lawtoo-my-textile\/#breadcrumb"},"inLanguage":"de-DE","potentialAction":[{"@type":"ReadAction","target":["https:\/\/www.art-moves-europe.eu\/michaela-lawtoo-my-textile\/"]}]},{"@type":"ImageObject","inLanguage":"de-DE","@id":"https:\/\/www.art-moves-europe.eu\/michaela-lawtoo-my-textile\/#primaryimage","url":"https:\/\/www.art-moves-europe.eu\/wp-content\/uploads\/2021\/05\/Michaela-2-300x284.jpeg","contentUrl":"https:\/\/www.art-moves-europe.eu\/wp-content\/uploads\/2021\/05\/Michaela-2-300x284.jpeg"},{"@type":"BreadcrumbList","@id":"https:\/\/www.art-moves-europe.eu\/michaela-lawtoo-my-textile\/#breadcrumb","itemListElement":[{"@type":"ListItem","position":1,"name":"Startseite","item":"https:\/\/www.art-moves-europe.eu\/"},{"@type":"ListItem","position":2,"name":"Michaela Lawtoo &#8211; My Textile"}]},{"@type":"WebSite","@id":"https:\/\/www.art-moves-europe.eu\/#website","url":"https:\/\/www.art-moves-europe.eu\/","name":"ART MOVES EUROPE e.V.","description":"","potentialAction":[{"@type":"SearchAction","target":{"@type":"EntryPoint","urlTemplate":"https:\/\/www.art-moves-europe.eu\/?s={search_term_string}"},"query-input":{"@type":"PropertyValueSpecification","valueRequired":true,"valueName":"search_term_string"}}],"inLanguage":"de-DE"}]}</script>
<!-- / Yoast SEO plugin. -->

&nbsp; Lights for Future… Lights for Future…soll die aktuell prekäre klimatische Situation aus unterschiedlichen Perspektiven beleuchten- zwei Reliefs stehen in[...]
